{"id":59,"date":"2025-04-04T14:52:35","date_gmt":"2025-04-04T14:52:35","guid":{"rendered":"https:\/\/dicotron.avta.mx\/?page_id=59"},"modified":"2025-11-01T00:52:54","modified_gmt":"2025-11-01T00:52:54","slug":"cultura","status":"publish","type":"page","link":"https:\/\/dicotron.com\/web\/cultura\/","title":{"rendered":"Cultura"},"content":{"rendered":"<p>[et_pb_section fb_built=&#8221;1&#8243; _builder_version=&#8221;4.27.4&#8243; _module_preset=&#8221;default&#8221; background_color=&#8221;#0093d8&#8243; custom_margin=&#8221;0px||-71px||false|false&#8221; locked=&#8221;off&#8221; global_colors_info=&#8221;{}&#8221;][et_pb_row _builder_version=&#8221;4.27.4&#8243; _module_preset=&#8221;default&#8221; custom_margin=&#8221;-38px||-6px||false|false&#8221; custom_padding=&#8221;0px|||||&#8221; global_colors_info=&#8221;{}&#8221;][et_pb_column type=&#8221;4_4&#8243; _builder_version=&#8221;4.27.4&#8243; _module_preset=&#8221;default&#8221; global_colors_info=&#8221;{}&#8221;][et_pb_text _builder_version=&#8221;4.27.4&#8243; _module_preset=&#8221;default&#8221; global_colors_info=&#8221;{}&#8221;]<\/p>\n<h1 style=\"text-align: center;\"><span style=\"color: #ffffff;\">C\u00f3mo es trabajar en HME<\/span><\/h1>\n<p>[\/et_pb_text][\/et_pb_column][\/et_pb_row][\/et_pb_section][et_pb_section fb_built=&#8221;1&#8243; _builder_version=&#8221;4.27.4&#8243; _module_preset=&#8221;default&#8221; custom_padding=&#8221;0px||0px|||&#8221; locked=&#8221;off&#8221; global_colors_info=&#8221;{}&#8221;][et_pb_row column_structure=&#8221;3_5,2_5&#8243; use_custom_gutter=&#8221;on&#8221; gutter_width=&#8221;1&#8243; _builder_version=&#8221;4.27.4&#8243; _module_preset=&#8221;default&#8221; custom_padding=&#8221;||0px|||&#8221; global_colors_info=&#8221;{}&#8221;][et_pb_column type=&#8221;3_5&#8243; admin_label=&#8221;Column&#8221; _builder_version=&#8221;4.27.4&#8243; _module_preset=&#8221;default&#8221; global_colors_info=&#8221;{}&#8221;][et_pb_image src=&#8221;https:\/\/dicotron.avta.mx\/wp-content\/uploads\/2025\/05\/career-gbl-work-at-hme-2.jpg&#8221; title_text=&#8221;career-gbl-work-at-hme&#8221; _builder_version=&#8221;4.27.4&#8243; _module_preset=&#8221;default&#8221; global_colors_info=&#8221;{}&#8221;][\/et_pb_image][\/et_pb_column][et_pb_column type=&#8221;2_5&#8243; _builder_version=&#8221;4.27.4&#8243; _module_preset=&#8221;default&#8221; border_width_all=&#8221;3px&#8221; border_color_all=&#8221;#d3d3d3&#8243; global_colors_info=&#8221;{}&#8221;][et_pb_text _builder_version=&#8221;4.27.4&#8243; _module_preset=&#8221;default&#8221; custom_margin=&#8221;60px||60px|20px|true|false&#8221; custom_padding=&#8221;||||false|false&#8221; global_colors_info=&#8221;{}&#8221;]<\/p>\n<div class=\"tile-active v-center-md\">\n<h3 style=\"text-align: left;\"><strong>Lo bastante grande para innovar, lo bastante peque\u00f1o para importar<\/strong><\/h3>\n<p style=\"text-align: left;\"><!-- Scroll through our slideshow for a behind-the-scenes look at our company culture&mdash; -->A medida que hemos ido creciendo, hemos conseguido mantener un ambiente de &#8220;peque\u00f1a empresa&#8221; que hace que venir a trabajar sea divertido. Creemos en el trabajo en equipo y en la creaci\u00f3n de productos innovadores que cambien nuestro sector. Nos esforzamos por crear una cultura orientada al cliente que se nutra del trabajo en equipo, la innovaci\u00f3n y el reconocimiento.<\/p>\n<\/div>\n<p>[\/et_pb_text][\/et_pb_column][\/et_pb_row][\/et_pb_section][et_pb_section fb_built=&#8221;1&#8243; _builder_version=&#8221;4.27.4&#8243; _module_preset=&#8221;default&#8221; custom_padding=&#8221;0px||25px|||&#8221; locked=&#8221;off&#8221; global_colors_info=&#8221;{}&#8221;][et_pb_row column_structure=&#8221;3_5,2_5&#8243; use_custom_gutter=&#8221;on&#8221; gutter_width=&#8221;1&#8243; _builder_version=&#8221;4.27.4&#8243; _module_preset=&#8221;default&#8221; custom_padding=&#8221;||0px|||&#8221; global_colors_info=&#8221;{}&#8221;][et_pb_column type=&#8221;3_5&#8243; _builder_version=&#8221;4.27.4&#8243; _module_preset=&#8221;default&#8221; border_width_all=&#8221;3px&#8221; border_color_all=&#8221;#d3d3d3&#8243; global_colors_info=&#8221;{}&#8221;][et_pb_text _builder_version=&#8221;4.27.4&#8243; _module_preset=&#8221;default&#8221; custom_margin=&#8221;86px||86px|20px|true|false&#8221; custom_padding=&#8221;||||false|false&#8221; global_colors_info=&#8221;{}&#8221;]<\/p>\n<div class=\"tile-active v-center-md\">\n<h3 style=\"text-align: left;\"><strong>Valores fundamentales<\/strong><\/h3>\n<p style=\"text-align: left;\"><!-- Scroll through our slideshow for a behind-the-scenes look at our company culture&mdash; -->Para ser l\u00edderes del sector se necesita un grupo de personas con talento que trabajen unidas: personas que amen su trabajo y lo hagan con integridad, que demuestren constantemente su pasi\u00f3n por la excelencia y que cultiven ardientemente una mentalidad innovadora; eso es lo que somos. Estamos comprometidos con la calidad y la mejora continua para ofrecer productos y servicios de vanguardia a todos nuestros clientes en todo el mundo. Nuestra atenci\u00f3n al cliente va m\u00e1s all\u00e1 de un n\u00famero 1-800. Trabajamos duro para ganarnos la confianza de nuestros clientes y aspiramos a construir relaciones a largo plazo. Nuestro af\u00e1n por ganar no se detiene, pero sabemos que no se trata de ganar.<\/p>\n<\/div>\n<p>[\/et_pb_text][\/et_pb_column][et_pb_column type=&#8221;2_5&#8243; admin_label=&#8221;Column&#8221; _builder_version=&#8221;4.27.4&#8243; _module_preset=&#8221;default&#8221; global_colors_info=&#8221;{}&#8221;][et_pb_image src=&#8221;https:\/\/dicotron.avta.mx\/wp-content\/uploads\/2025\/05\/core-values-sm.png&#8221; title_text=&#8221;core-values-sm&#8221; _builder_version=&#8221;4.27.4&#8243; _module_preset=&#8221;default&#8221; global_colors_info=&#8221;{}&#8221;][\/et_pb_image][\/et_pb_column][\/et_pb_row][\/et_pb_section][et_pb_section fb_built=&#8221;1&#8243; _builder_version=&#8221;4.27.4&#8243; _module_preset=&#8221;default&#8221; custom_padding=&#8221;0px|||||&#8221; locked=&#8221;off&#8221; global_colors_info=&#8221;{}&#8221;][et_pb_row column_structure=&#8221;1_4,1_4,1_4,1_4&#8243; use_custom_gutter=&#8221;on&#8221; gutter_width=&#8221;2&#8243; _builder_version=&#8221;4.27.4&#8243; _module_preset=&#8221;default&#8221; width=&#8221;100%&#8221; custom_margin=&#8221;||||false|false&#8221; global_colors_info=&#8221;{}&#8221;][et_pb_column type=&#8221;1_4&#8243; _builder_version=&#8221;4.27.4&#8243; _module_preset=&#8221;default&#8221; custom_padding=&#8221;||||true|true&#8221; box_shadow_style=&#8221;preset1&#8243; global_colors_info=&#8221;{}&#8221;][et_pb_image src=&#8221;https:\/\/dicotron.avta.mx\/wp-content\/uploads\/2025\/05\/career-culture-icon-3.png&#8221; title_text=&#8221;career-culture-icon-3&#8243; align=&#8221;center&#8221; _builder_version=&#8221;4.27.4&#8243; _module_preset=&#8221;default&#8221; width=&#8221;70px&#8221; height=&#8221;70px&#8221; custom_margin=&#8221;42px||||false|false&#8221; global_colors_info=&#8221;{}&#8221;][\/et_pb_image][et_pb_text _builder_version=&#8221;4.27.4&#8243; _module_preset=&#8221;default&#8221; height=&#8221;150px&#8221; global_colors_info=&#8221;{}&#8221;]<\/p>\n<h5 style=\"text-align: center;\"><strong><span style=\"color: #18a365;\">Entorno Lean<\/span><\/strong><\/h5>\n<p style=\"color: black; text-align: center;\">Creemos en la mejora continua que maximiza el valor para el cliente con el m\u00ednimo desperdicio<\/p>\n<p style=\"color: black; text-align: center;\">[\/et_pb_text][\/et_pb_column][et_pb_column type=&#8221;1_4&#8243; _builder_version=&#8221;4.27.4&#8243; _module_preset=&#8221;default&#8221; custom_padding=&#8221;||||true|true&#8221; box_shadow_style=&#8221;preset1&#8243; global_colors_info=&#8221;{}&#8221;][et_pb_image src=&#8221;https:\/\/dicotron.avta.mx\/wp-content\/uploads\/2025\/05\/career-culture-icon-4.png&#8221; title_text=&#8221;career-culture-icon-4&#8243; align=&#8221;center&#8221; _builder_version=&#8221;4.27.4&#8243; _module_preset=&#8221;default&#8221; width=&#8221;70px&#8221; height=&#8221;70px&#8221; custom_margin=&#8221;42px||||false|false&#8221; global_colors_info=&#8221;{}&#8221;][\/et_pb_image][et_pb_text _builder_version=&#8221;4.27.4&#8243; _module_preset=&#8221;default&#8221; height=&#8221;150px&#8221; global_colors_info=&#8221;{}&#8221;]<\/p>\n<h5 style=\"text-align: center;\"><strong><span style=\"color: #c5366c;\">Fabricaci\u00f3n de vanguardia<\/span><\/strong><\/h5>\n<p style=\"color: black; text-align: center;\">Instalaciones de producci\u00f3n de categor\u00eda mundial equipadas con las herramientas y maquinaria m\u00e1s modernas para una producci\u00f3n de alta calidad<\/p>\n<p style=\"color: black; text-align: center;\">[\/et_pb_text][\/et_pb_column][et_pb_column type=&#8221;1_4&#8243; _builder_version=&#8221;4.27.4&#8243; _module_preset=&#8221;default&#8221; custom_padding=&#8221;||||true|true&#8221; box_shadow_style=&#8221;preset1&#8243; global_colors_info=&#8221;{}&#8221;][et_pb_image src=&#8221;https:\/\/dicotron.avta.mx\/wp-content\/uploads\/2025\/05\/career-culture-icon-5.png&#8221; title_text=&#8221;career-culture-icon-5&#8243; align=&#8221;center&#8221; _builder_version=&#8221;4.27.4&#8243; _module_preset=&#8221;default&#8221; width=&#8221;70px&#8221; height=&#8221;70px&#8221; custom_margin=&#8221;42px||||false|false&#8221; global_colors_info=&#8221;{}&#8221;][\/et_pb_image][et_pb_text _builder_version=&#8221;4.27.4&#8243; _module_preset=&#8221;default&#8221; height=&#8221;150px&#8221; global_colors_info=&#8221;{}&#8221;]<\/p>\n<h5 style=\"text-align: center;\"><strong><span style=\"color: #1584cd;\">Ambiente de colaboraci\u00f3n con ciencia<br \/>\n<\/span><\/strong><\/h5>\n<p style=\"color: black; text-align: center; margin-left: 8px; margin-right: 8px;\">Entorno de equipo con una cultura de colaboraci\u00f3n, innovaci\u00f3n y crecimiento<\/p>\n<p style=\"color: black; text-align: center;\">[\/et_pb_text][\/et_pb_column][et_pb_column type=&#8221;1_4&#8243; _builder_version=&#8221;4.27.4&#8243; _module_preset=&#8221;default&#8221; custom_padding=&#8221;||||true|true&#8221; box_shadow_style=&#8221;preset1&#8243; global_colors_info=&#8221;{}&#8221;][et_pb_image src=&#8221;https:\/\/dicotron.avta.mx\/wp-content\/uploads\/2025\/05\/career-culture-icon-6.png&#8221; title_text=&#8221;career-culture-icon-6&#8243; align=&#8221;center&#8221; _builder_version=&#8221;4.27.4&#8243; _module_preset=&#8221;default&#8221; width=&#8221;70px&#8221; height=&#8221;70px&#8221; custom_margin=&#8221;42px||||false|false&#8221; global_colors_info=&#8221;{}&#8221;][\/et_pb_image][et_pb_text _builder_version=&#8221;4.27.4&#8243; _module_preset=&#8221;default&#8221; height=&#8221;150px&#8221; global_colors_info=&#8221;{}&#8221;]<\/p>\n<h5 style=\"text-align: center;\"><strong><span style=\"color: #e27e01;\">Trabajo en equipo<br \/>\n<\/span><\/strong><\/h5>\n<p style=\"color: black; text-align: center;\">Las actividades extraescolares nos ayudan a cultivar relaciones laborales sanas<\/p>\n<\/p>\n<p style=\"color: black; text-align: center;\">[\/et_pb_text][\/et_pb_column][\/et_pb_row][\/et_pb_section][et_pb_section fb_built=&#8221;1&#8243; _builder_version=&#8221;4.27.4&#8243; _module_preset=&#8221;default&#8221; custom_padding=&#8221;0px|||||&#8221; locked=&#8221;off&#8221; global_colors_info=&#8221;{}&#8221;][et_pb_row column_structure=&#8221;3_5,2_5&#8243; use_custom_gutter=&#8221;on&#8221; gutter_width=&#8221;1&#8243; _builder_version=&#8221;4.27.4&#8243; _module_preset=&#8221;default&#8221; custom_padding=&#8221;||0px|||&#8221; global_colors_info=&#8221;{}&#8221;][et_pb_column type=&#8221;3_5&#8243; _builder_version=&#8221;4.27.4&#8243; _module_preset=&#8221;default&#8221; border_width_all=&#8221;3px&#8221; border_color_all=&#8221;#d3d3d3&#8243; global_colors_info=&#8221;{}&#8221;][et_pb_text _builder_version=&#8221;4.27.4&#8243; _module_preset=&#8221;default&#8221; custom_margin=&#8221;86px||86px|20px|true|false&#8221; custom_padding=&#8221;||||false|false&#8221; global_colors_info=&#8221;{}&#8221;]<\/p>\n<div class=\"tile-active v-center-md\">\n<h3 style=\"text-align: left;\"><strong>Cultura<\/strong><\/h3>\n<p style=\"text-align: left;\"><!-- Scroll through our slideshow for a behind-the-scenes look at our company culture&mdash; --><span style=\"color: #000000;\">Nuestro \u00e9xito se basa en personas que sienten una gran pasi\u00f3n por la excelencia y una gran devoci\u00f3n por la innovaci\u00f3n. Tanto si se trata de mejorar la velocidad del servicio en cadenas de restaurantes l\u00edderes en el mundo como de gestionar las comunicaciones de producci\u00f3n para una importante cadena de televisi\u00f3n, nos comprometemos a ofrecer productos y servicios excepcionales a nuestro variado conjunto de clientes en todo el mundo.<\/span><\/p>\n<\/div>\n<p>[\/et_pb_text][\/et_pb_column][et_pb_column type=&#8221;2_5&#8243; admin_label=&#8221;Column&#8221; _builder_version=&#8221;4.27.4&#8243; _module_preset=&#8221;default&#8221; global_colors_info=&#8221;{}&#8221;][et_pb_image src=&#8221;https:\/\/dicotron.avta.mx\/wp-content\/uploads\/2025\/05\/career-culture-8.jpg&#8221; title_text=&#8221;career-culture-8&#8243; _builder_version=&#8221;4.27.4&#8243; _module_preset=&#8221;default&#8221; height=&#8221;328px&#8221; global_colors_info=&#8221;{}&#8221;][\/et_pb_image][\/et_pb_column][\/et_pb_row][\/et_pb_section][et_pb_section fb_built=&#8221;1&#8243; _builder_version=&#8221;4.27.4&#8243; _module_preset=&#8221;default&#8221; custom_padding=&#8221;0px|||||&#8221; locked=&#8221;off&#8221; global_colors_info=&#8221;{}&#8221;][et_pb_row column_structure=&#8221;1_4,1_4,1_4,1_4&#8243; use_custom_gutter=&#8221;on&#8221; gutter_width=&#8221;2&#8243; _builder_version=&#8221;4.27.4&#8243; _module_preset=&#8221;default&#8221; width=&#8221;100%&#8221; custom_margin=&#8221;||||false|false&#8221; global_colors_info=&#8221;{}&#8221;][et_pb_column type=&#8221;1_4&#8243; _builder_version=&#8221;4.27.4&#8243; _module_preset=&#8221;default&#8221; custom_padding=&#8221;||||true|true&#8221; box_shadow_style=&#8221;preset1&#8243; global_colors_info=&#8221;{}&#8221;][et_pb_image src=&#8221;https:\/\/dicotron.avta.mx\/wp-content\/uploads\/2025\/05\/career-culture-icon-9.png&#8221; title_text=&#8221;career-culture-icon-9&#8243; align=&#8221;center&#8221; _builder_version=&#8221;4.27.4&#8243; _module_preset=&#8221;default&#8221; width=&#8221;70px&#8221; height=&#8221;70px&#8221; custom_margin=&#8221;42px||||false|false&#8221; global_colors_info=&#8221;{}&#8221;][\/et_pb_image][et_pb_text _builder_version=&#8221;4.27.4&#8243; _module_preset=&#8221;default&#8221; height=&#8221;150px&#8221; hover_enabled=&#8221;0&#8243; global_colors_info=&#8221;{}&#8221; sticky_enabled=&#8221;0&#8243;]<\/p>\n<h5 style=\"text-align: center;\"><strong><span style=\"color: #1584cd;\">Comunidad<br \/><\/span><\/strong><\/h5>\n<p style=\"color: black; text-align: center; margin-left: 8px; margin-right: 8px;\" colectas=\"\" de=\"\" alimentos=\"\" y=\"\" ayuda=\"\" en=\"\" caso=\"\" cat=\"\" strofe=\"\" br=\"\">&#8211; Caminatas de la Asociaci\u00f3n<br \/>&#8211; Americana del Coraz\u00f3n<br \/>&#8211; Entorno de trabajo respetuoso con el medio ambiente<\/p>\n<p style=\"color: black; text-align: center;\">[\/et_pb_text][\/et_pb_column][et_pb_column type=&#8221;1_4&#8243; _builder_version=&#8221;4.27.4&#8243; _module_preset=&#8221;default&#8221; custom_padding=&#8221;||||true|true&#8221; box_shadow_style=&#8221;preset1&#8243; global_colors_info=&#8221;{}&#8221;][et_pb_image src=&#8221;https:\/\/dicotron.avta.mx\/wp-content\/uploads\/2025\/05\/career-culture-icon-10.png&#8221; title_text=&#8221;career-culture-icon-10&#8243; align=&#8221;center&#8221; _builder_version=&#8221;4.27.4&#8243; _module_preset=&#8221;default&#8221; width=&#8221;70px&#8221; height=&#8221;70px&#8221; custom_margin=&#8221;42px||||false|false&#8221; global_colors_info=&#8221;{}&#8221;][\/et_pb_image][et_pb_text _builder_version=&#8221;4.27.4&#8243; _module_preset=&#8221;default&#8221; height=&#8221;150px&#8221; global_colors_info=&#8221;{}&#8221;]<\/p>\n<h5 style=\"text-align: center;\"><strong><span style=\"color: #e27e01;\">Celebrar juntos<\/p>\n<p><\/span><\/strong><\/h5>\n<p style=\"color: black; text-align: center;\">Barbacoas anuales de verano<br \/>\nFiestas de Halloween y Navidad<br \/>\nCelebraciones de aniversarios y cumplea\u00f1os<\/p>\n<p>&nbsp;<\/p>\n<p style=\"color: black; text-align: center;\">[\/et_pb_text][\/et_pb_column][et_pb_column type=&#8221;1_4&#8243; _builder_version=&#8221;4.27.4&#8243; _module_preset=&#8221;default&#8221; custom_padding=&#8221;||||true|true&#8221; box_shadow_style=&#8221;preset1&#8243; global_colors_info=&#8221;{}&#8221;][et_pb_image src=&#8221;https:\/\/dicotron.avta.mx\/wp-content\/uploads\/2025\/05\/career-culture-icon-11.png&#8221; title_text=&#8221;career-culture-icon-11&#8243; align=&#8221;center&#8221; _builder_version=&#8221;4.27.4&#8243; _module_preset=&#8221;default&#8221; width=&#8221;70px&#8221; height=&#8221;70px&#8221; custom_margin=&#8221;42px||||false|false&#8221; global_colors_info=&#8221;{}&#8221;][\/et_pb_image][et_pb_text _builder_version=&#8221;4.27.4&#8243; _module_preset=&#8221;default&#8221; height=&#8221;150px&#8221; global_colors_info=&#8221;{}&#8221;]<\/p>\n<h5 style=\"text-align: center;\"><strong><span style=\"color: #18a365;\">C\u00f3digo de vestimenta relajado<\/span><\/strong><\/h5>\n<p style=\"color: black; text-align: center;\">Llevar vaqueros, zapatillas de tenis y deportivas<br \/>\nPermitimos a los empleados trabajar c\u00f3modamente en un entorno de trabajo informal.<\/p>\n<p style=\"color: black; text-align: center;\">[\/et_pb_text][\/et_pb_column][et_pb_column type=&#8221;1_4&#8243; _builder_version=&#8221;4.27.4&#8243; _module_preset=&#8221;default&#8221; custom_padding=&#8221;||||true|true&#8221; box_shadow_style=&#8221;preset1&#8243; global_colors_info=&#8221;{}&#8221;][et_pb_image src=&#8221;https:\/\/dicotron.avta.mx\/wp-content\/uploads\/2025\/05\/career-culture-icon-4.png&#8221; title_text=&#8221;career-culture-icon-4&#8243; align=&#8221;center&#8221; _builder_version=&#8221;4.27.4&#8243; _module_preset=&#8221;default&#8221; width=&#8221;70px&#8221; height=&#8221;70px&#8221; custom_margin=&#8221;42px||||false|false&#8221; global_colors_info=&#8221;{}&#8221;][\/et_pb_image][et_pb_text _builder_version=&#8221;4.27.4&#8243; _module_preset=&#8221;default&#8221; height=&#8221;150px&#8221; global_colors_info=&#8221;{}&#8221;]<\/p>\n<h5 style=\"text-align: center;\"><strong><span style=\"color: #c5366c;\">Reconocimiento del \u00e9xito<\/span><\/strong><\/h5>\n<p style=\"color: black; text-align: center;\">Reconocimiento corporativo y entre compa\u00f1eros por un trabajo sobresaliente<\/p>\n<p style=\"color: black; text-align: center;\">[\/et_pb_text][\/et_pb_column][\/et_pb_row][\/et_pb_section][et_pb_section fb_built=&#8221;1&#8243; _builder_version=&#8221;4.27.4&#8243; _module_preset=&#8221;default&#8221; custom_padding=&#8221;0px|||||&#8221; locked=&#8221;off&#8221; global_colors_info=&#8221;{}&#8221;][et_pb_row column_structure=&#8221;3_5,2_5&#8243; use_custom_gutter=&#8221;on&#8221; gutter_width=&#8221;1&#8243; _builder_version=&#8221;4.27.4&#8243; _module_preset=&#8221;default&#8221; custom_padding=&#8221;||0px|||&#8221; global_colors_info=&#8221;{}&#8221;][et_pb_column type=&#8221;3_5&#8243; admin_label=&#8221;Column&#8221; _builder_version=&#8221;4.27.4&#8243; _module_preset=&#8221;default&#8221; global_colors_info=&#8221;{}&#8221;][et_pb_image src=&#8221;https:\/\/dicotron.avta.mx\/wp-content\/uploads\/2025\/05\/career-culture-13.jpg&#8221; title_text=&#8221;career-culture-13&#8243; _builder_version=&#8221;4.27.4&#8243; _module_preset=&#8221;default&#8221; global_colors_info=&#8221;{}&#8221;][\/et_pb_image][\/et_pb_column][et_pb_column type=&#8221;2_5&#8243; _builder_version=&#8221;4.27.4&#8243; _module_preset=&#8221;default&#8221; border_width_all=&#8221;3px&#8221; border_color_all=&#8221;#d3d3d3&#8243; global_colors_info=&#8221;{}&#8221;][et_pb_text _builder_version=&#8221;4.27.4&#8243; _module_preset=&#8221;default&#8221; custom_margin=&#8221;70px||70px|20px|true|false&#8221; custom_padding=&#8221;||||false|false&#8221; global_colors_info=&#8221;{}&#8221;]<\/p>\n<div class=\"tile-active v-center-md\">\n<h3 style=\"text-align: left;\"><strong>T\u00fa importas<\/strong><\/h3>\n<p style=\"text-align: left;\"><!-- Scroll through our slideshow for a behind-the-scenes look at our company culture&mdash; -->En HME, valoramos los diferentes talentos, puntos de vista e ideas que aporta una plantilla diversa. Nuestra presencia global nos proporciona una amplia variedad de perspectivas que alimentan nuestro pensamiento innovador. Es nuestra diversidad cultural y colaboraci\u00f3n mundial lo que nos permite ofrecer productos y servicios que satisfacen las diferentes necesidades de nuestros clientes.<\/p>\n<\/div>\n<p>[\/et_pb_text][\/et_pb_column][\/et_pb_row][\/et_pb_section][et_pb_section fb_built=&#8221;1&#8243; _builder_version=&#8221;4.27.4&#8243; _module_preset=&#8221;default&#8221; global_colors_info=&#8221;{}&#8221;][et_pb_row _builder_version=&#8221;4.27.4&#8243; _module_preset=&#8221;default&#8221; global_colors_info=&#8221;{}&#8221;][et_pb_column type=&#8221;4_4&#8243; _builder_version=&#8221;4.27.4&#8243; _module_preset=&#8221;default&#8221; global_colors_info=&#8221;{}&#8221;][et_pb_code _builder_version=&#8221;4.27.4&#8243; _module_preset=&#8221;default&#8221; global_colors_info=&#8221;{}&#8221;]<\/p>\n<style><!-- [et_pb_line_break_holder] -->    .custom-tiles {<!-- [et_pb_line_break_holder] -->        display: flex;<!-- [et_pb_line_break_holder] -->        flex-wrap: wrap;<!-- [et_pb_line_break_holder] -->        justify-content: space-between;<!-- [et_pb_line_break_holder] -->        gap: 20px;<!-- [et_pb_line_break_holder] -->    }<!-- [et_pb_line_break_holder] --><!-- [et_pb_line_break_holder] -->    .custom-tile {<!-- [et_pb_line_break_holder] -->        position: relative;<!-- [et_pb_line_break_holder] -->        width: 100%;<!-- [et_pb_line_break_holder] -->        max-width: 32%;<!-- [et_pb_line_break_holder] -->        min-height: 400px;<!-- [et_pb_line_break_holder] -->        background-size: cover;<!-- [et_pb_line_break_holder] -->        background-position: center;<!-- [et_pb_line_break_holder] -->        border-radius: 5px;<!-- [et_pb_line_break_holder] -->        overflow: hidden;<!-- [et_pb_line_break_holder] -->        box-shadow: 0 2px 8px rgba(0,0,0,0.2);<!-- [et_pb_line_break_holder] -->        transition: transform 0.3s ease;<!-- [et_pb_line_break_holder] -->    }<!-- [et_pb_line_break_holder] --><!-- [et_pb_line_break_holder] -->    .custom-tile:hover {<!-- [et_pb_line_break_holder] -->        transform: scale(1.02);<!-- [et_pb_line_break_holder] -->    }<!-- [et_pb_line_break_holder] --><!-- [et_pb_line_break_holder] -->    .custom-tile a.tile-link {<!-- [et_pb_line_break_holder] -->        position: absolute;<!-- [et_pb_line_break_holder] -->        inset: 0;<!-- [et_pb_line_break_holder] -->        z-index: 3;<!-- [et_pb_line_break_holder] -->    }<!-- [et_pb_line_break_holder] --><!-- [et_pb_line_break_holder] -->    .tile-label {<!-- [et_pb_line_break_holder] -->        position: absolute;<!-- [et_pb_line_break_holder] -->        bottom: 0;<!-- [et_pb_line_break_holder] -->        left: 0;<!-- [et_pb_line_break_holder] -->        right: 0;<!-- [et_pb_line_break_holder] -->        background: rgba(0, 0, 0, 0.6);<!-- [et_pb_line_break_holder] -->        color: #fff;<!-- [et_pb_line_break_holder] -->        padding: 15px;<!-- [et_pb_line_break_holder] -->        font-size: 16px;<!-- [et_pb_line_break_holder] -->        font-weight: bold;<!-- [et_pb_line_break_holder] -->        display: flex;<!-- [et_pb_line_break_holder] -->        justify-content: space-between;<!-- [et_pb_line_break_holder] -->        align-items: center;<!-- [et_pb_line_break_holder] -->        z-index: 2;<!-- [et_pb_line_break_holder] -->    }<!-- [et_pb_line_break_holder] --><!-- [et_pb_line_break_holder] -->    .tile-label .icon {<!-- [et_pb_line_break_holder] -->        font-size: 22px;<!-- [et_pb_line_break_holder] -->    }<!-- [et_pb_line_break_holder] --><\/style>\n<p><!-- [et_pb_line_break_holder] --><!-- [et_pb_line_break_holder] --><\/p>\n<ul class=\"custom-tiles\"><!-- [et_pb_line_break_holder] -->    <\/p>\n<li class=\"custom-tile\" style=\"background-image: url('https:\/\/dicotron.com\/web\/wp-content\/uploads\/2025\/05\/career-gbl-best-places.jpg');\"><!-- [et_pb_line_break_holder] -->\n<div class=\"tile-label\"><span>\u00daNETE A NUESTRO CRECIENTE EQUIPO<\/span><span class=\"icon\">+<\/span><\/div>\n<p><!-- [et_pb_line_break_holder] -->        <a class=\"tile-link\" href=\"https:\/\/dicotron.com\/web\/carreras-en-hme\/\"><\/a><!-- [et_pb_line_break_holder] -->    <\/li>\n<p><!-- [et_pb_line_break_holder] -->    <\/p>\n<li class=\"custom-tile\" style=\"background-image: url('https:\/\/dicotron.com\/web\/wp-content\/uploads\/2025\/05\/career-gbl-benefits-1.jpg');\"><!-- [et_pb_line_break_holder] -->\n<div class=\"tile-label\"><span>BENEFICIOS DE LA EMPRESA<\/span><span class=\"icon\">+<\/span><\/div>\n<p><!-- [et_pb_line_break_holder] -->        <a class=\"tile-link\" href=\"https:\/\/dicotron.com\/web\/beneficios-de-la-empresa\/\"><\/a><!-- [et_pb_line_break_holder] -->    <\/li>\n<p><!-- [et_pb_line_break_holder] -->    <\/p>\n<li class=\"custom-tile\" style=\"background-image: url('https:\/\/dicotron.com\/web\/wp-content\/uploads\/2025\/05\/career-gbl-carlsbad-1.jpg');\"><!-- [et_pb_line_break_holder] -->\n<div class=\"tile-label\"><span>NUEVAS INSTALACIONES &#8211; CARLSBAD<\/span><span class=\"icon\">+<\/span><\/div>\n<p><!-- [et_pb_line_break_holder] -->        <a class=\"tile-link\" href=\"https:\/\/dicotron.com\/web\/nueva-instalacion\/\"><\/a><!-- [et_pb_line_break_holder] -->    <\/li>\n<p><!-- [et_pb_line_break_holder] --><\/ul>\n<p><!-- [et_pb_line_break_holder] -->[\/et_pb_code][\/et_pb_column][\/et_pb_row][\/et_pb_section]<\/p>\n","protected":false},"excerpt":{"rendered":"<p>C\u00f3mo es trabajar en HME Lo bastante grande para innovar, lo bastante peque\u00f1o para importar A medida que hemos ido creciendo, hemos conseguido mantener un ambiente de &#8220;peque\u00f1a empresa&#8221; que hace que venir a trabajar sea divertido. Creemos en el trabajo en equipo y en la creaci\u00f3n de productos innovadores que cambien nuestro sector. Nos [&hellip;]<\/p>\n","protected":false},"author":1,"featured_media":0,"parent":0,"menu_order":0,"comment_status":"closed","ping_status":"closed","template":"","meta":{"_et_pb_use_builder":"on","_et_pb_old_content":"","_et_gb_content_width":"","footnotes":""},"class_list":["post-59","page","type-page","status-publish","hentry"],"_links":{"self":[{"href":"https:\/\/dicotron.com\/web\/wp-json\/wp\/v2\/pages\/59","targetHints":{"allow":["GET"]}}],"collection":[{"href":"https:\/\/dicotron.com\/web\/wp-json\/wp\/v2\/pages"}],"about":[{"href":"https:\/\/dicotron.com\/web\/wp-json\/wp\/v2\/types\/page"}],"author":[{"embeddable":true,"href":"https:\/\/dicotron.com\/web\/wp-json\/wp\/v2\/users\/1"}],"replies":[{"embeddable":true,"href":"https:\/\/dicotron.com\/web\/wp-json\/wp\/v2\/comments?post=59"}],"version-history":[{"count":15,"href":"https:\/\/dicotron.com\/web\/wp-json\/wp\/v2\/pages\/59\/revisions"}],"predecessor-version":[{"id":2558,"href":"https:\/\/dicotron.com\/web\/wp-json\/wp\/v2\/pages\/59\/revisions\/2558"}],"wp:attachment":[{"href":"https:\/\/dicotron.com\/web\/wp-json\/wp\/v2\/media?parent=59"}],"curies":[{"name":"wp","href":"https:\/\/api.w.org\/{rel}","templated":true}]}}