{"id":254,"date":"2025-04-07T15:17:52","date_gmt":"2025-04-07T15:17:52","guid":{"rendered":"https:\/\/dicotron.avta.mx\/?page_id=254"},"modified":"2025-10-31T21:52:16","modified_gmt":"2025-10-31T21:52:16","slug":"entrega-en-la-acera-y-para-llevar","status":"publish","type":"page","link":"https:\/\/dicotron.com\/web\/entrega-en-la-acera-y-para-llevar\/","title":{"rendered":"Entrega en la acera y para llevar"},"content":{"rendered":"<p>[et_pb_section fb_built=&#8221;1&#8243; disabled_on=&#8221;on|on|off&#8221; module_class=&#8221;hme_support_gray_section&#8221; _builder_version=&#8221;4.27.4&#8243; _module_preset=&#8221;default&#8221; background_color=&#8221;#eeeeee&#8221; custom_padding=&#8221;0px||3px|||&#8221; custom_css_free_form=&#8221;.home-card-title :hover{||  \tcolor:#1584cd;||}||.hme_support_gray_section{||    overflow: visible !important;||    position: relative; ||    z-index: auto;||}&#8221; box_shadow_style=&#8221;preset1&#8243; box_shadow_spread=&#8221;-9px&#8221; box_shadow_color=&#8221;#000000&#8243; global_colors_info=&#8221;{}&#8221;][et_pb_row column_structure=&#8221;1_2,1_2&#8243; _builder_version=&#8221;4.27.4&#8243; _module_preset=&#8221;default&#8221; custom_padding=&#8221;||0px|||&#8221; global_colors_info=&#8221;{}&#8221;][et_pb_column type=&#8221;1_2&#8243; _builder_version=&#8221;4.27.4&#8243; _module_preset=&#8221;default&#8221; global_colors_info=&#8221;{}&#8221;][et_pb_text _builder_version=&#8221;4.27.4&#8243; _module_preset=&#8221;default&#8221; global_colors_info=&#8221;{}&#8221;]<\/p>\n<p><strong><a style=\"color: #444; font-size: 1.35em; text-align: left;\" href=\"https:\/\/dicotron.com\/web\/crece-tu-negocio\/\">Haz Crecer Tu Negocio<\/a><\/strong><\/p>\n<p>[\/et_pb_text][\/et_pb_column][et_pb_column type=&#8221;1_2&#8243; module_class=&#8221;column-vertical&#8221; _builder_version=&#8221;4.27.4&#8243; _module_preset=&#8221;default&#8221; custom_css_free_form=&#8221;.column-vertical{||  display: flex;||  align-content: center;||}&#8221; global_colors_info=&#8221;{}&#8221;][et_pb_text module_class=&#8221;home-card-title&#8221; _builder_version=&#8221;4.27.4&#8243; _module_preset=&#8221;default&#8221; custom_padding=&#8221;||0px|||&#8221; custom_css_free_form=&#8221;.grow_your_business_element:hover{||\tcolor: #1584cd;||}||.grow_your_business_element .active{||\tcolor: #1584cd;||}||&#8221; global_colors_info=&#8221;{}&#8221;]<\/p>\n<div style=\"display: flex; align-items: center; gap: 20px; flex-wrap: nowrap; white-space: nowrap;\"><strong><a class=\"grow_your_business_element\" style=\"color: #444; font-size: 1.35em; text-align: left;\" href=\"https:\/\/dicotron.com\/web\/agregar-un-servicio-drive-thru\/\">Agregar Auto Servicio<\/a><\/strong><br \/>\n<strong><a class=\"grow_your_business_element\" style=\"color: #444; font-size: 1.24em; text-align: left;\" href=\"https:\/\/dicotron.com\/web\/optimiza-mi-autoservicio\/\">Optimizar AutoServicio<\/a><\/strong><br \/>\n<strong><a class=\"grow_your_business_element\" style=\" font-size: 1.35em; text-align: left;\" href=\"https:\/\/dicotron.com\/web\/entrega-en-la-acera-y-para-llevar\/\">Entrega en la Acera y Para Llevar<\/a><\/strong><\/div>\n<p>[\/et_pb_text][\/et_pb_column][\/et_pb_row][\/et_pb_section][et_pb_section fb_built=&#8221;1&#8243; disabled_on=&#8221;off|off|on&#8221; admin_label=&#8221;Section&#8221; _builder_version=&#8221;4.27.4&#8243; _module_preset=&#8221;default&#8221; background_color=&#8221;#302c34&#8243; custom_padding=&#8221;0px||0px|||&#8221; global_colors_info=&#8221;{}&#8221;][et_pb_row _builder_version=&#8221;4.27.4&#8243; _module_preset=&#8221;default&#8221; custom_padding=&#8221;15px||0px|||&#8221; global_colors_info=&#8221;{}&#8221;][et_pb_column type=&#8221;4_4&#8243; _builder_version=&#8221;4.27.4&#8243; _module_preset=&#8221;default&#8221; global_colors_info=&#8221;{}&#8221;][et_pb_text _builder_version=&#8221;4.27.4&#8243; _module_preset=&#8221;default&#8221; global_colors_info=&#8221;{}&#8221;]<\/p>\n<h2 style=\"font-size: 1.25em; font-weight: bold; color: white; text-align: center;\">Haz Crecer Tu Negocio<\/h2>\n<p>[\/et_pb_text][\/et_pb_column][\/et_pb_row][\/et_pb_section][et_pb_section fb_built=&#8221;1&#8243; disabled_on=&#8221;off|off|on&#8221; _builder_version=&#8221;4.27.4&#8243; _module_preset=&#8221;default&#8221; background_color=&#8221;#605c5c&#8221; height=&#8221;20%&#8221; custom_padding=&#8221;0px||0px|||&#8221; global_colors_info=&#8221;{}&#8221;][et_pb_row _builder_version=&#8221;4.27.4&#8243; _module_preset=&#8221;default&#8221; custom_padding=&#8221;5px||0px|||&#8221; global_colors_info=&#8221;{}&#8221;][et_pb_column type=&#8221;4_4&#8243; _builder_version=&#8221;4.27.4&#8243; _module_preset=&#8221;default&#8221; global_colors_info=&#8221;{}&#8221;][et_pb_text content_tablet=&#8221;<\/p>\n<div style=%22display: flex; gap: 10px; align-items: top;%22>\n<h4 style=%22color: white; text-align: center;%22><a href=%22\/dicotron\/?page_id=712%22 style=%22font-size: 12px;%22>            Env\u00ede su reparaci\u00f3n<br \/><\/a><\/h4>\n<h4 style=%22color: white; text-align: center;%22><\/h4>\n<h4 style=%22color: white; text-align: center;%22><\/h4>\n<h4 style=%22color: white; text-align: center;%22><a style=%22font-size: 12px;%22 href=%22https:\/\/www.hme.com\/account\/?_gl=1*37gamt*_gcl_au*MTY2MTIyNDI0Mi4xNzQzNzc4ODEz%22 data-et-target-link=%22_blank%22 rel=%22nofollow noopener%22>Inicio de sesi\u00f3n<i style=%22font-size: 12px;%22 class=%22fa fa-external-link%22><\/i><\/a><\/h4>\n<\/div>\n<p>&#8221; content_phone=&#8221;<\/p>\n<div style=%22display: flex; gap: 10px; align-items: top;%22>\n<h4 style=%22color: white; text-align: center;%22><a href=%22\/dicotron\/?page_id=712%22 style=%22font-size: 12px;%22>            Env\u00ede su reparaci\u00f3n<br \/><\/a><\/h4>\n<h4 style=%22color: white; text-align: center;%22><\/h4>\n<h4 style=%22color: white; text-align: center;%22><\/h4>\n<h4 style=%22color: white; text-align: center;%22><a style=%22font-size: 12px;%22 href=%22https:\/\/www.hme.com\/account\/?_gl=1*37gamt*_gcl_au*MTY2MTIyNDI0Mi4xNzQzNzc4ODEz%22 data-et-target-link=%22_blank%22 rel=%22nofollow noopener%22>Inicio de sesi\u00f3n<i style=%22font-size: 12px;%22 class=%22fa fa-external-link%22><\/i><\/a><\/h4>\n<\/div>\n<p>&#8221; content_last_edited=&#8221;on|tablet&#8221; module_class=&#8221;textmobilecontainer&#8221; _builder_version=&#8221;4.27.4&#8243; _module_preset=&#8221;default&#8221; height=&#8221;25px&#8221; custom_padding=&#8221;0px||0px|||&#8221; global_colors_info=&#8221;{}&#8221;]<\/p>\n<div style=\"display: flex;flex-wrap:nowrap; gap: 10px; align-items: top;\">\n<h4 style=\"color: white;\"><a href=\"https:\/\/dicotron.com\/web\/agregar-un-servicio-drive-thru\/\" style=\"font-size: 12px; color: white;\">Agregar Auto Servicio<\/a><\/h4>\n<h4 style=\"color: white;\"><a href=\"https:\/\/dicotron.com\/web\/optimiza-mi-autoservicio\/\" style=\"font-size: 12px; color: white;\">Optimizar AutoServicio<\/a><\/h4>\n<h4 style=\"color: white;\"><a href=\"https:\/\/dicotron.com\/web\/entrega-en-la-acera-y-para-llevar\/\" style=\"font-size: 12px; color: white;\">Entrega en la Acera y Para Llevar<\/a><\/h4>\n<\/div>\n<p>[\/et_pb_text][\/et_pb_column][\/et_pb_row][\/et_pb_section][et_pb_section fb_built=&#8221;1&#8243; disabled_on=&#8221;off|off|off&#8221; _builder_version=&#8221;4.27.4&#8243; _module_preset=&#8221;default&#8221; background_image=&#8221;https:\/\/dicotron.com\/web\/wp-content\/uploads\/2025\/05\/bnr-dte-curbside.jpg&#8221; height=&#8221;550px&#8221; hover_enabled=&#8221;0&#8243; background_last_edited=&#8221;on|tablet&#8221; background_image_tablet=&#8221;https:\/\/dicotron.com\/web\/wp-content\/uploads\/2025\/05\/bnr-dte-contactless-m.jpg&#8221; background_enable_image_tablet=&#8221;on&#8221; global_colors_info=&#8221;{}&#8221; title_text=&#8221;bnr-dte-contactless-m&#8221; sticky_enabled=&#8221;0&#8243;][et_pb_row _builder_version=&#8221;4.27.4&#8243; _module_preset=&#8221;default&#8221; global_colors_info=&#8221;{}&#8221;][et_pb_column type=&#8221;4_4&#8243; _builder_version=&#8221;4.27.4&#8243; _module_preset=&#8221;default&#8221; global_colors_info=&#8221;{}&#8221;][et_pb_text _builder_version=&#8221;4.27.4&#8243; _module_preset=&#8221;default&#8221; custom_margin=&#8221;76px|||||&#8221; global_colors_info=&#8221;{}&#8221;]<\/p>\n<div class=\"bnr-header\" style=\"max-width: 100%; width: 50%;\">\n<h1 style=\"font-size: 2.5em;\">A\u00d1ADE ACERA <br class=\"d-none d-block-md\" \/>Y PARA LLEVAR<\/h1>\n<\/div>\n<p>[\/et_pb_text][\/et_pb_column][\/et_pb_row][\/et_pb_section][et_pb_section fb_built=&#8221;1&#8243; _builder_version=&#8221;4.27.4&#8243; _module_preset=&#8221;default&#8221; global_colors_info=&#8221;{}&#8221;][et_pb_row _builder_version=&#8221;4.27.4&#8243; _module_preset=&#8221;default&#8221; global_colors_info=&#8221;{}&#8221;][et_pb_column type=&#8221;4_4&#8243; _builder_version=&#8221;4.27.4&#8243; _module_preset=&#8221;default&#8221; global_colors_info=&#8221;{}&#8221;][et_pb_text _builder_version=&#8221;4.27.4&#8243; _module_preset=&#8221;default&#8221; locked=&#8221;off&#8221; global_colors_info=&#8221;{}&#8221;]<\/p>\n<div class=\"col-xs-12\">\n<h2 class=\"large center\" style=\"text-align: center; font-size: 48px;\">\u00bfEst\u00e1 preparado para a\u00f1adir a su restaurante el servicio de comida a domicilio?<\/h2>\n<p><BR\/><\/p>\n<p class=\"center\" style=\"text-align: center;\"><span style=\"color: #000000;\">Tanto a los clientes como a los restauradores les encanta la comodidad que ofrecen los servicios de recogida en la acera y de comida para llevar. Para los clientes, la recogida en la acera reduce el tiempo de espera y, a diferencia de las entregas de terceros, no hay costes a\u00f1adidos. Para los operadores, elimina el abrumador volumen de tr\u00e1fico que provoca atascos y a\u00f1ade una nueva fuente de ingresos. Si necesita ayuda para identificar las mejores soluciones para mejorar las opciones para llevar y aumentar la rentabilidad, con\u00e9ctese con nosotros para empezar.<\/span><\/p>\n<p><!---\n\n\n<p class=\"center\"><a href=\"#\">Learn More<\/a><\/p>\n\n\n---><\/p>\n<\/div>\n<p>[\/et_pb_text][\/et_pb_column][\/et_pb_row][et_pb_row _builder_version=&#8221;4.27.4&#8243; _module_preset=&#8221;default&#8221; global_colors_info=&#8221;{}&#8221;][et_pb_column type=&#8221;4_4&#8243; _builder_version=&#8221;4.27.4&#8243; _module_preset=&#8221;default&#8221; global_colors_info=&#8221;{}&#8221;][et_pb_button button_url=&#8221;\/contacto&#8221; button_text=&#8221;SOLICITAR INFORMACI\u00d3N&#8221; button_alignment=&#8221;center&#8221; _builder_version=&#8221;4.27.4&#8243; _module_preset=&#8221;default&#8221; custom_button=&#8221;on&#8221; button_text_size=&#8221;17px&#8221; button_text_color=&#8221;#FFFFFF&#8221; button_bg_color=&#8221;#1793d1&#8243; button_border_width=&#8221;0px&#8221; button_use_icon=&#8221;off&#8221; locked=&#8221;off&#8221; global_colors_info=&#8221;{}&#8221;][\/et_pb_button][\/et_pb_column][\/et_pb_row][\/et_pb_section][et_pb_section fb_built=&#8221;1&#8243; _builder_version=&#8221;4.27.4&#8243; _module_preset=&#8221;default&#8221; custom_padding=&#8221;||0px|||&#8221; global_colors_info=&#8221;{}&#8221;][et_pb_row _builder_version=&#8221;4.27.4&#8243; _module_preset=&#8221;default&#8221; global_colors_info=&#8221;{}&#8221;][et_pb_column type=&#8221;4_4&#8243; _builder_version=&#8221;4.27.4&#8243; _module_preset=&#8221;default&#8221; global_colors_info=&#8221;{}&#8221;][et_pb_text _builder_version=&#8221;4.27.4&#8243; _module_preset=&#8221;default&#8221; locked=&#8221;off&#8221; global_colors_info=&#8221;{}&#8221;]<\/p>\n<div class=\"col-xs-12\">\n<h2 class=\"large center\" style=\"text-align: center; font-size: 30px;\">\u00bfCu\u00e1l es para usted la mejor soluci\u00f3n para llevar?<\/h2>\n<p><\/p>\n<p class=\"center\" style=\"text-align: center;\"><span style=\"color: #000000;\">No todos los restaurantes funcionan igual, por lo tanto, no todas las opciones para llevar funcionar\u00e1n perfectamente para todos los negocios. Haga clic en una de las opciones siguientes para obtener m\u00e1s informaci\u00f3n sobre cada servicio e identificar mejor la soluci\u00f3n que mejor se adapta a las necesidades de su restaurante.<\/span><\/p>\n<p><!---\n\n\n<p class=\"center\"><a href=\"#\">Learn More<\/a><\/p>\n\n\n---><\/p>\n<\/div>\n<p>[\/et_pb_text][\/et_pb_column][\/et_pb_row][et_pb_row column_structure=&#8221;1_4,1_4,1_4,1_4&#8243; _builder_version=&#8221;4.27.4&#8243; _module_preset=&#8221;default&#8221; global_colors_info=&#8221;{}&#8221;][et_pb_column type=&#8221;1_4&#8243; _builder_version=&#8221;4.27.4&#8243; _module_preset=&#8221;default&#8221; link_option_url=&#8221;#curbside&#8221; global_colors_info=&#8221;{}&#8221;][et_pb_image src=&#8221;https:\/\/dicotron.com\/web\/wp-content\/uploads\/2025\/05\/ic-sol-curbside-pickup.png&#8221; title_text=&#8221;ic-sol-curbside-pickup&#8221; url=&#8221;http:\/\/curbside&#8221; align=&#8221;center&#8221; _builder_version=&#8221;4.27.4&#8243; _module_preset=&#8221;default&#8221; hover_enabled=&#8221;0&#8243; global_colors_info=&#8221;{}&#8221; sticky_enabled=&#8221;0&#8243;][\/et_pb_image][\/et_pb_column][et_pb_column type=&#8221;1_4&#8243; _builder_version=&#8221;4.27.4&#8243; _module_preset=&#8221;default&#8221; global_colors_info=&#8221;{}&#8221;][et_pb_image src=&#8221;https:\/\/dicotron.com\/web\/wp-content\/uploads\/2025\/05\/ic-sol-mobile-ordering.png&#8221; title_text=&#8221;ic-sol-mobile-ordering&#8221; url=&#8221;#mobile_ordering&#8221; align=&#8221;center&#8221; _builder_version=&#8221;4.27.4&#8243; _module_preset=&#8221;default&#8221; hover_enabled=&#8221;0&#8243; global_colors_info=&#8221;{}&#8221; sticky_enabled=&#8221;0&#8243;][\/et_pb_image][\/et_pb_column][et_pb_column type=&#8221;1_4&#8243; _builder_version=&#8221;4.27.4&#8243; _module_preset=&#8221;default&#8221; global_colors_info=&#8221;{}&#8221;][et_pb_image src=&#8221;https:\/\/dicotron.com\/web\/wp-content\/uploads\/2025\/05\/ic-sol-carryout.png&#8221; title_text=&#8221;ic-sol-carryout&#8221; url=&#8221;#carryout&#8221; align=&#8221;center&#8221; _builder_version=&#8221;4.27.4&#8243; _module_preset=&#8221;default&#8221; hover_enabled=&#8221;0&#8243; global_colors_info=&#8221;{}&#8221; sticky_enabled=&#8221;0&#8243;][\/et_pb_image][\/et_pb_column][et_pb_column type=&#8221;1_4&#8243; _builder_version=&#8221;4.27.4&#8243; _module_preset=&#8221;default&#8221; global_colors_info=&#8221;{}&#8221;][et_pb_image src=&#8221;https:\/\/dicotron.com\/web\/wp-content\/uploads\/2025\/05\/ic-sol-delivery.png&#8221; title_text=&#8221;ic-sol-delivery&#8221; url=&#8221;#delivery&#8221; align=&#8221;center&#8221; _builder_version=&#8221;4.27.4&#8243; _module_preset=&#8221;default&#8221; hover_enabled=&#8221;0&#8243; global_colors_info=&#8221;{}&#8221; sticky_enabled=&#8221;0&#8243;][\/et_pb_image][\/et_pb_column][\/et_pb_row][et_pb_row column_structure=&#8221;1_2,1_2&#8243; _builder_version=&#8221;4.27.4&#8243; _module_preset=&#8221;default&#8221; global_colors_info=&#8221;{}&#8221;][et_pb_column type=&#8221;1_2&#8243; module_id=&#8221;curbside&#8221; _builder_version=&#8221;4.27.4&#8243; _module_preset=&#8221;default&#8221; global_colors_info=&#8221;{}&#8221;][et_pb_image src=&#8221;https:\/\/dicotron.avta.mx\/wp-content\/uploads\/2025\/05\/curbside.jpg&#8221; title_text=&#8221;curbside&#8221; _builder_version=&#8221;4.27.4&#8243; _module_preset=&#8221;default&#8221; global_colors_info=&#8221;{}&#8221;][\/et_pb_image][et_pb_text _builder_version=&#8221;4.27.4&#8243; _module_preset=&#8221;default&#8221; global_colors_info=&#8221;{}&#8221;]<\/p>\n<h3 style=\"color: black; text-align: left;\"><strong>Recogida en la acera<\/strong><\/h3>\n<p style=\"text-align: left;\"><span style=\"color: #000000;\">La recogida en la acera facilita que el cliente haga su pedido con antelaci\u00f3n y lo recoja sin bajarse del veh\u00edculo. La mayor\u00eda de los restaurantes piden a los clientes que se registren enviando un mensaje de texto, llamando por tel\u00e9fono o utilizando una aplicaci\u00f3n m\u00f3vil. Una vez que los clientes se registran, se avisa inmediatamente a un miembro del personal del restaurante para que pueda entregar el pedido en el veh\u00edculo del cliente. Pero, \u00bfc\u00f3mo garantizar un servicio r\u00e1pido y eficiente en la acera? Haciendo un <a href=\"https:\/\/qsr.hme.com\/zoom\/drive-thru-timers?_gl=1*mhfuf7*_gcl_au*MTY2MTIyNDI0Mi4xNzQzNzc4ODEz\">seguimiento de los tiempos <\/a>de espera igual que en el carril drive-thru.<\/span><\/p>\n<p>[\/et_pb_text][\/et_pb_column][et_pb_column type=&#8221;1_2&#8243; module_id=&#8221;mobile_ordering&#8221; _builder_version=&#8221;4.27.4&#8243; _module_preset=&#8221;default&#8221; global_colors_info=&#8221;{}&#8221;][et_pb_image src=&#8221;https:\/\/dicotron.avta.mx\/wp-content\/uploads\/2025\/05\/mobile-ordering.jpg&#8221; title_text=&#8221;mobile-ordering&#8221; _builder_version=&#8221;4.27.4&#8243; _module_preset=&#8221;default&#8221; global_colors_info=&#8221;{}&#8221;][\/et_pb_image][et_pb_text _builder_version=&#8221;4.27.4&#8243; _module_preset=&#8221;default&#8221; global_colors_info=&#8221;{}&#8221;]<\/p>\n<h3 style=\"color: black; text-align: left;\"><strong>Pedidos por m\u00f3vil<\/strong><\/h3>\n<p style=\"text-align: left;\"><span style=\"color: #000000;\">Muy similar a la recogida en acera, el pedido m\u00f3vil facilita al cliente la realizaci\u00f3n y recogida de su pedido, pero requiere una aplicaci\u00f3n m\u00f3vil o un sitio web apto para m\u00f3viles. Los pedidos y los pagos se procesan en l\u00ednea o a trav\u00e9s de la aplicaci\u00f3n. Los clientes de pedidos m\u00f3viles tendr\u00e1n que saber d\u00f3nde aparcar cuando lleguen a su establecimiento y c\u00f3mo registrarse para recoger su pedido. El temporizador<a href=\"https:\/\/dicotron.com\/web\/temporizador-zoom-nitro\/\"> ZOOM Nitro <\/a>facilita el seguimiento de los tiempos de espera de los clientes para garantizar una excelente experiencia.<\/span><\/p>\n<p>[\/et_pb_text][\/et_pb_column][\/et_pb_row][et_pb_row column_structure=&#8221;1_2,1_2&#8243; _builder_version=&#8221;4.27.4&#8243; _module_preset=&#8221;default&#8221; global_colors_info=&#8221;{}&#8221;][et_pb_column type=&#8221;1_2&#8243; module_id=&#8221;carryout&#8221; _builder_version=&#8221;4.27.4&#8243; _module_preset=&#8221;default&#8221; global_colors_info=&#8221;{}&#8221;][et_pb_image src=&#8221;https:\/\/dicotron.avta.mx\/wp-content\/uploads\/2025\/05\/carryout-management.jpg&#8221; title_text=&#8221;carryout-management&#8221; _builder_version=&#8221;4.27.4&#8243; _module_preset=&#8221;default&#8221; global_colors_info=&#8221;{}&#8221;][\/et_pb_image][et_pb_text _builder_version=&#8221;4.27.4&#8243; _module_preset=&#8221;default&#8221; global_colors_info=&#8221;{}&#8221;]<\/p>\n<h3 style=\"color: black; text-align: left;\"><strong>Gesti\u00f3n de la compra<\/strong><\/h3>\n<p style=\"text-align: left;\"><span style=\"color: #000000;\">Mientras que los pedidos en la acera y los pedidos m\u00f3viles promueven el pedido y el pago por adelantado, la comida a domicilio ofrece a los clientes la opci\u00f3n de entrar para hacer su pedido. Utilice <a href=\"https:\/\/hme.com\/qsr\/redir\/?url=https:\/\/www.jtech.com\/hostconcepts-carryout-management\">HostConcepts\u00ae <\/a>para gestionar mejor los pedidos y ofrecer una gran experiencia al cliente. Controle f\u00e1cilmente el estado de todos los pedidos para llevar en una sola pantalla. Env\u00ede mensajes de texto a sus clientes para confirmar la recepci\u00f3n de su pedido para llevar e informarles de cu\u00e1ndo est\u00e1 listo.<\/span><\/p>\n<p>[\/et_pb_text][\/et_pb_column][et_pb_column type=&#8221;1_2&#8243; module_id=&#8221;mobile_ordering&#8221; _builder_version=&#8221;4.27.4&#8243; _module_preset=&#8221;default&#8221; global_colors_info=&#8221;{}&#8221;][et_pb_image src=&#8221;https:\/\/dicotron.avta.mx\/wp-content\/uploads\/2025\/05\/delivery.jpg&#8221; title_text=&#8221;delivery&#8221; _builder_version=&#8221;4.27.4&#8243; _module_preset=&#8221;default&#8221; global_colors_info=&#8221;{}&#8221;][\/et_pb_image][et_pb_text _builder_version=&#8221;4.27.4&#8243; _module_preset=&#8221;default&#8221; global_colors_info=&#8221;{}&#8221;]<\/p>\n<h3 style=\"color: black; text-align: left;\"><strong>Entrega<\/strong><\/h3>\n<p style=\"text-align: left;\"><span style=\"color: #000000;\">Ofrecer el servicio de entrega a domicilio es una obviedad para muchos restaurantes, pero \u00bfen qu\u00e9 consiste este servicio para llevar? Si se asocia con un servicio de entrega de terceros, tendr\u00e1 que pagar tasas. Adem\u00e1s, tendr\u00e1 que tener en cuenta cu\u00e1l es el mejor envase para mantener la comida sabrosa, fresca y segura. \u00bfResistir\u00e1 la comida el trayecto hasta el domicilio de sus clientes? Tenga en cuenta que la calidad del servicio que preste el conductor de reparto reflejar\u00e1 tambi\u00e9n, por asociaci\u00f3n, su marca. Para una mayor eficacia, designe una plaza de aparcamiento exclusiva para los repartidores y utilice el temporizador <a href=\"https:\/\/dicotron.com\/web\/temporizador-zoom-nitro\/\"> ZOOM Nitro <\/a> para controlar su tiempo de espera.<\/span><\/p>\n<p>[\/et_pb_text][\/et_pb_column][\/et_pb_row][\/et_pb_section][et_pb_section fb_built=&#8221;1&#8243; admin_label=&#8221;Section&#8221; _builder_version=&#8221;4.27.4&#8243; _module_preset=&#8221;default&#8221; custom_padding=&#8221;5px|||||&#8221; border_width_top=&#8221;1px&#8221; border_color_top=&#8221;#d8d8d8&#8243; border_width_bottom=&#8221;1px&#8221; border_color_bottom=&#8221;#d8d8d8&#8243; locked=&#8221;off&#8221; global_colors_info=&#8221;{}&#8221;][et_pb_row column_structure=&#8221;1_2,1_2&#8243; admin_label=&#8221;Row&#8221; _builder_version=&#8221;4.27.4&#8243; _module_preset=&#8221;default&#8221; custom_padding=&#8221;0px|||||&#8221; global_colors_info=&#8221;{}&#8221;][et_pb_column type=&#8221;1_2&#8243; _builder_version=&#8221;4.27.4&#8243; _module_preset=&#8221;default&#8221; global_colors_info=&#8221;{}&#8221;][et_pb_image src=&#8221;https:\/\/dicotron.avta.mx\/wp-content\/uploads\/2025\/04\/Add-a-Drive-Thru_Tile.jpg&#8221; title_text=&#8221;Add-a-Drive-Thru_Tile&#8221; _builder_version=&#8221;4.27.4&#8243; _module_preset=&#8221;default&#8221; global_colors_info=&#8221;{}&#8221;][\/et_pb_image][et_pb_text _builder_version=&#8221;4.27.4&#8243; _module_preset=&#8221;default&#8221; global_colors_info=&#8221;{}&#8221;]<\/p>\n<h3 class=\"home-card-title\"><strong><a href=\"\/dicotron\/?page_id=404\">Estoy agregando un drive-thru<\/a><\/strong><\/h3>\n<p><strong><\/strong><br \/>En el drive-thru, cada detalle influye en la velocidad del servicio y en su cuenta de resultados. \u00bfSe pregunta en qu\u00e9 consiste la construcci\u00f3n de un carril drive-thru? Empiece con este resumen y p\u00f3ngase en contacto con nosotros para empezar.<\/p>\n<p style=\"text-align: left;\"><strong><\/strong><a href=\"https:\/\/dicotron.com\/web\/agregar-un-servicio-drive-thru\/\">Aprender m\u00e1s<\/a><\/p>\n<p>[\/et_pb_text][\/et_pb_column][et_pb_column type=&#8221;1_2&#8243; _builder_version=&#8221;4.27.4&#8243; _module_preset=&#8221;default&#8221; global_colors_info=&#8221;{}&#8221;][et_pb_image src=&#8221;https:\/\/dicotron.avta.mx\/wp-content\/uploads\/2025\/04\/Optimize-Drive-Thru_Tile.jpg&#8221; title_text=&#8221;Optimize-Drive-Thru_Tile&#8221; admin_label=&#8221;Image&#8221; _builder_version=&#8221;4.27.4&#8243; _module_preset=&#8221;default&#8221; global_colors_info=&#8221;{}&#8221;][\/et_pb_image][et_pb_text _builder_version=&#8221;4.27.4&#8243; _module_preset=&#8221;default&#8221; global_colors_info=&#8221;{}&#8221;]<\/p>\n<h3 class=\"home-card-title\"><strong><a href=\"\/dicotron\/?page_id=419\">Estoy optimizando mi drive-thru<\/a><\/strong><\/h3>\n<p style=\"text-align: left;\">En el drive-thru, cada detalle influye en la velocidad del servicio y en su cuenta de resultados. \u00bfSe pregunta en qu\u00e9 consiste la construcci\u00f3n de un carril drive-thru? Empiece con este resumen y p\u00f3ngase en contacto con nosotros para empezar.<\/p>\n<p style=\"text-align: left;\"><strong><\/strong><a href=\"https:\/\/dicotron.com\/web\/optimizar-mi-servicio-drive-thru\/\">Aprender m\u00e1s <\/a><\/p>\n<p>[\/et_pb_text][\/et_pb_column][\/et_pb_row][\/et_pb_section][et_pb_section fb_built=&#8221;1&#8243; _builder_version=&#8221;4.27.4&#8243; _module_preset=&#8221;default&#8221; locked=&#8221;off&#8221; global_colors_info=&#8221;{}&#8221;][et_pb_row _builder_version=&#8221;4.27.4&#8243; _module_preset=&#8221;default&#8221; global_colors_info=&#8221;{}&#8221;][et_pb_column type=&#8221;4_4&#8243; _builder_version=&#8221;4.27.4&#8243; _module_preset=&#8221;default&#8221; global_colors_info=&#8221;{}&#8221;][et_pb_text _builder_version=&#8221;4.27.4&#8243; _module_preset=&#8221;default&#8221; custom_margin=&#8221;||5px|||&#8221; custom_padding=&#8221;||3px|||&#8221; global_colors_info=&#8221;{}&#8221;]<\/p>\n<h2 style=\"text-align: center;\"><b><br \/>\u00bfDesea optimizar sus operaciones QSR? Nosotros podemos ayudarle.<br \/><\/b><\/h2>\n<p>[\/et_pb_text][et_pb_button button_url=&#8221;https:\/\/hme.com\/qsr\/request-info-form\/?rl=https:\/\/hme.com\/qsr&#8221; button_text=&#8221;SOLICITAR INFORMACI\u00d3N&#8221; button_alignment=&#8221;center&#8221; _builder_version=&#8221;4.27.4&#8243; _module_preset=&#8221;default&#8221; custom_button=&#8221;on&#8221; button_text_color=&#8221;#FFFFFF&#8221; button_bg_color=&#8221;#de1d23&#8243; button_use_icon=&#8221;off&#8221; background_layout=&#8221;dark&#8221; global_colors_info=&#8221;{}&#8221; button_bg_color__hover_enabled=&#8221;on|hover&#8221; button_bg_color__hover=&#8221;#f71920&#8243; button_bg_enable_color__hover=&#8221;on&#8221;][\/et_pb_button][\/et_pb_column][\/et_pb_row][\/et_pb_section]<\/p>\n","protected":false},"excerpt":{"rendered":"<p>Haz Crecer Tu NegocioAgregar Auto Servicio Optimizar AutoServicio Entrega en la Acera y Para LlevarHaz Crecer Tu Negocio Agregar Auto Servicio Optimizar AutoServicio Entrega en la Acera y Para Llevar A\u00d1ADE ACERA Y PARA LLEVAR \u00bfEst\u00e1 preparado para a\u00f1adir a su restaurante el servicio de comida a domicilio? Tanto a los clientes como a los [&hellip;]<\/p>\n","protected":false},"author":1,"featured_media":0,"parent":0,"menu_order":0,"comment_status":"closed","ping_status":"closed","template":"","meta":{"_et_pb_use_builder":"on","_et_pb_old_content":"","_et_gb_content_width":"","footnotes":""},"class_list":["post-254","page","type-page","status-publish","hentry"],"_links":{"self":[{"href":"https:\/\/dicotron.com\/web\/wp-json\/wp\/v2\/pages\/254","targetHints":{"allow":["GET"]}}],"collection":[{"href":"https:\/\/dicotron.com\/web\/wp-json\/wp\/v2\/pages"}],"about":[{"href":"https:\/\/dicotron.com\/web\/wp-json\/wp\/v2\/types\/page"}],"author":[{"embeddable":true,"href":"https:\/\/dicotron.com\/web\/wp-json\/wp\/v2\/users\/1"}],"replies":[{"embeddable":true,"href":"https:\/\/dicotron.com\/web\/wp-json\/wp\/v2\/comments?post=254"}],"version-history":[{"count":15,"href":"https:\/\/dicotron.com\/web\/wp-json\/wp\/v2\/pages\/254\/revisions"}],"predecessor-version":[{"id":2513,"href":"https:\/\/dicotron.com\/web\/wp-json\/wp\/v2\/pages\/254\/revisions\/2513"}],"wp:attachment":[{"href":"https:\/\/dicotron.com\/web\/wp-json\/wp\/v2\/media?parent=254"}],"curies":[{"name":"wp","href":"https:\/\/api.w.org\/{rel}","templated":true}]}}